 = 51 + -45. Is k(f) composite?
False
Let q be (-2)/((-14)/(-21)) - -17. Suppose -5182 = -q*d + 5220. Is d prime?
True
Let x be (19 + -18)/(2/4). Let a be (x*-1)/(-2) - (-15)/5. Suppose -a*t + 62 = -266. Is t a composite number?
True
Let j(g) = -g**2 - 16*g + 17. Let z be j(-15). Suppose -z*m - 37626 = -114842. Is m prime?
False
Is ((-3047575)/15*(-32)/(-80))/((-2)/3) a prime number?
False
Let b = 359176 - 243755. Is b a composite number?
False
Let k be 28748*(25/4 - 6). Let o = 13022 + k. Is o a prime number?
False
Suppose 7830 = 28*g - 14374. Let i = -252 + g. Is i composite?
False
Let q = 224081 + -90158. Is q prime?
False
Let c be 2/7 + (-204)/(-21) + 2. Suppose -4*w = -c, -9*y + 3*w = -10*y + 860. Is y a composite number?
True
Is ((-1116)/24)/(12/(-53096)) prime?
False
Let o(x) = -2. Let p(y) = 11*y - 4. Let h(r) = 5*o(r) - p(r). Let l be h(-1). Suppose b + 208 = s, l*s + 4*b - 995 = -0*b. Is s prime?
False
Let g(n) = 1034*n**2 + 3. Let w be g(-2). Suppose w = 2*j + 1177. Is j a composite number?
False
Let q(l) = -8*l**2 - 17*l - 21. Let w(z) = -7*z**2 - 16*z - 20. Let o(k) = -6*q(k) + 7*w(k). Let n be o(-8). Suppose 295 + 151 = n*a. Is a a prime number?
True
Let x(h) = -h**3 + 7*h**2 + 9*h - 5. Let d be x(8). Suppose 2*k - g = -3, k + 15 = 3*k + 5*g. Suppose 5*b - 3970 = -5*o, k = d*b + b + 12. Is o a prime number?
True
Let q(g) = 4*g**2 + 4*g + 2. Let j(n) = n**3 + 22*n**2 + 23*n + 40. Let y be j(-21). Let r be q(y). Is -2*((-38628)/40 - (-2)/r) prime?
True
Let c = -73 + 76. Suppose 3*a - 3*o - 3569 = 3181, -4*a + c*o + 9003 = 0. Is a a prime number?
False
Let r = 56082 - 26813. Is r a composite number?
False
Let x = 6232 - 6223. Let c(t) = 43*t. Let i be c(6). Is (5 - i/54) + 3769/x prime?
True
Suppose 6*s + 14002 = 8*s + 3*k, 21003 = 3*s - 5*k. Is s composite?
False
Suppose -414 = 14*b - 2192. Let d = 378 - b. Is d a prime number?
True
Suppose -11 = f - 3*a, f - 5*f - 4*a + 36 = 0. Suppose f*c - 69262 = -3*o - 4792, 4*c = 0. Suppose o = 22*b - 8*b. Is b composite?
True
Let s(r) = 5026*r - 117. Let m be 12 - (-56)/(-32)*4. Is s(m) composite?
False
Let j be (-78)/4*-1 + (-6)/(-12). Suppose 60837 = x + j*x. Is x a prime number?
True
Let u = 2274811 - 1432110. Is u a prime number?
True
Is (716296/(-16))/(23/(-46)) composite?
True
Let s be (-3 - (1 - 0)) + 5*1. Is (s*241)/(10/50) a composite number?
True
Suppose -2*u = 2*x - 14, -2*x + 0*u = -2*u + 2. Suppose 4*l - 2*z = 8, -l - 3*z + 5 = x. Suppose d + l*v - 1891 = 0, 5*d - 3*v + 0*v - 9468 = 0. Is d prime?
False
Let i be 104/13*(2 - 1). Let j be (0 - (-416)/(-3)) + i/12. Let z = 389 + j. Is z composite?
False
Let o(u) = -246*u**2 + 3*u + 10. Let q(m) = -2*m**2 + 2*m. Let c(a) = -o(a) + 6*q(a). Let f be 1/(((-4)/(-6))/2). Is c(f) a composite number?
True
Suppose -2*f + 1480698 = 4*w + 418308, -2124785 = -4*f - 3*w. Is f composite?
False
Suppose w = 28*x - 30*x + 20, 3*x + w = 31. Suppose -q + 2*k + 4841 = 0, -k = 3*q - 16259 + 1736. Suppose -q - 2210 = -x*r. Is r a composite number?
False
Let h be 40/10 + 1 + 1 + -2. Suppose -h*x + 5*l = -x - 19, -3*x + 4 = -2*l. Is (-2 - 0)/x*1361 composite?
False
Let v = 8837 - -2620. Suppose -23751 = -6*j + v. Is (1/(-2))/(6/j*-3) a composite number?
False
Let l(d) = -214*d + 3. Let u be l(-1). Suppose 10*y + 57 - u = 0. Is ((-168)/y)/((-6)/28) a prime number?
False
Suppose -418*x + 422*x - 17191 = 16821. Is x a composite number?
True
Let k(r) = 1537*r**3 - 10*r**2 - 6*r + 38. Is k(3) composite?
True
Let v be -3*3/((-3)/3). Suppose 0 = -v*i + 12*i + 12. Is (-12)/i + 370 + -2 prime?
False
Let j be (-11 + 10)*(-13*3 - -1). Suppose 2*d = -j*v + 34*v + 5646, 2*d + 1399 = v. Is v a prime number?
True
Is (812/(-1044) + 3/27)/((-4)/16024254) composite?
False
Let z be (14/(-35))/((-2)/110). Suppose 9*b = 11*b + z. Let a(d) = -d**2 - 27*d - 13. Is a(b) composite?
False
Let y(z) be the third derivative of -7*z**6/120 + 2*z**5/15 - z**4/24 - 7*z**3/2 + 64*z**2. Let k = 11 + -21. Is y(k) a composite number?
False
Let q(s) = 18*s**3 + s**2 - s - 1. Let x be q(1). Suppose -279680 = x*k - 9*k. Is k/(-133) + 2/14 a composite number?
False
Let y = -12172 + 20829. Let q = -2668 + y. Is q composite?
True
Let g(z) = 2379*z + 199. Let l be g(6). Suppose 5*p = -3*s + l, -3*s + 3*p = -3833 - 10672. Is s a prime number?
True
Suppose 2*y - 13397 = -c, 3*c + 2*y + 40199 = 6*c. Is c a prime number?
True
Suppose -b + 30005 = 5*w - 26192, -3*w + b = -33715. Is w a prime number?
True
Suppose -2*k = 2*k - o + 4450, 3*o - 3342 = 3*k. Is (3 - 42/12)/(2/k) composite?
True
Suppose 0 = 6*m - m + 10. Let z(j) be the third derivative of 41*j**5/15 - j**3/6 + j**2 + 137*j. Is z(m) composite?
True
Let k(w) = -7*w - 7. Let y be k(-6). Let i = 34 - y. Is (4900/i)/(-5) - 3 a composite number?
False
Let r(k) = 3*k - 7. Let b be r(5). Suppose -2*z - h - 48 = -54, -2*z = 4*h - 18. Is 1176/10 + b*z/20 a prime number?
False
Suppose -18*f + 14*f - 2028 = 0. Let m = f - -2021. Is m prime?
False
Let w(f) = -28*f + 7. Let g(n) = n**3 - n**2 + n + 10. Let z be g(0). Suppose -2*q + 4 = k + 10, 2*q - k + z = 0. Is w(q) composite?
True
Is ((-4295387)/19)/(4/(-2) + 1) prime?
False
Let z = -412104 + 765583. Is z a prime number?
False
Let w = -73986 + 133183. Is w composite?
False
Suppose v - 2105 = 3*o, 0 = o + 3*o - 8. Is v composite?
False
Let l(f) = 735*f**2 - 7*f - 337. Is l(13) a composite number?
False
Let o = -285055 + 498174. Is o a prime number?
True
Let r(h) = h. Let a(c) = c - 28. Let l(t) = -a(t) + 3*r(t). Let q be l(-14). Suppose -d + 229 + 640 = q. Is d prime?
False
Suppose 0 = m - 23 + 20, 2*z - 90110 = -4*m. Is z a prime number?
False
Let t(b) = -2*b**3 + 35*b**2 - 8*b + 152. Is t(-15) composite?
False
Suppose -70238441 = 803*c - 1024*c. Is c prime?
False
Suppose -3*x = -v - 58494, -5*v + 38979 = -5*x + 7*x. Suppose 8*t - 67489 = -x. Is t composite?
True
Let d(j) = 2*j**3 - 14*j**2 + 13*j - 30. Let l be d(13). Suppose l = 3*u - 5*a, 1436 = -18*u + 20*u + a. Is u composite?
False
Suppose -78*p + 4*c = -76*p - 393886, c + 393880 = 2*p. Is p a composite number?
True
Let g = 9808 - -4535. Let h = 4 + -2. Suppose -3*m + g = 2*o, -h*o - 17328 = -5*m + 6593. Is m a composite number?
False
Is (3116300/440)/((-10)/(-596)) prime?
False
Suppose 23*c + 7*c - 806398 = -8*c. Is c prime?
True
Suppose d - x - 64507 = 0, 4*d - 258037 = -2*x - 3*x. Suppose -d = 72*b - 76*b. Is b composite?
False
Let t = -16078 - -31073. Is t composite?
True
Suppose -14*n + 1625176 = -0*n. Suppose -41*m + 441337 = n. Is m prime?
True
Suppose -2306*p - 301366 = -2332*p. Is p prime?
False
Suppose m + 18185 = 2*h, 25*m - 27288 = -3*h + 28*m. Is h a composite number?
True
Let n = 214744 - 18017. Is n a prime number?
True
Let o(k) = 11*k**2 + 23*k - 35. Let p = 386 - 378. Is o(p) composite?
False
Let g be (18/12 - -6)*12/(-10). Let i be (133962/g)/((-4)/6). Suppose 3*z = -s + 5*s - i, 5*s = 2*z + 27907. Is s a prime number?
True
Suppose 243*v + 2988816 + 792514 = 20305087. Is v a prime number?
False
Let b = -63105 - -194062. Is b a composite number?
False
Suppose 0 = 3*i + 3*y - 19 + 4, 0 = -i - 3*y - 3. Let a(v) = 11*v**2 - 3*v - 35. Is a(i) a prime number?
True
Suppose 10 = 5*m, 3*j + m = 7966 + 2506. Let a = 7209 - j. Is a a prime number?
True
Suppose -2*p = d + 24990, 0 = -5*p + 3*d - 4*d - 62481. Let v = 25727 - p. Suppose -20*g + v = -4*g. Is g a composite number?
False
Let y = 69 + 76. Suppose -y*m = -143*m - 4102. Is m composite?
True
Suppose -3*h = -2*m - 115135, 4*m = 5*h - 138381 - 53508. Is h composite?
True
Suppose -21*i - 3736 = -25*i. Suppose 5*o = 3*a - 2964, 3*a - i = 4*o + 2033. Is a a composite number?
True
Suppose 29750110 = 281*n - 22916058 - 22291425. Is n a composite number?
True
Let n(w) = w**2 - 14*w - 5. Suppose 5*h + 4*m = -244, 0*m = 2*h + 4*m + 88. Let o = -32 - h. Is n(o) composite?
True
Suppose -1 = 5*p + 44. Let w be p + 8 + (-1 - -4). Let h(u) = 34*u**2 + 3*u - 3. Is h(w) a composite number?
False
Suppose 4957463 = -7*k + 12*k + 4*l, 4*k = 5*l + 3966036. Is k prime?
True
Let s = -12651 - -28271. Suppose 4*o - 13752 = s. Is o prime?
False
Let t = 18184 - 12713. Is t prime?
True
Suppose -4*z = 3*j - 191399, j - 6195 = -4*z + 57618. Is j a prime number?
True
Let k be (-1726)/(-8) - (-51)/(-68). Let 